 4603217?
False
Does 23 divide 1174219?
True
Does 265 divide 7746?
False
Does 51 divide 2364523?
False
Does 155 divide 250170?
True
Does 27 divide 3895576?
False
Does 473 divide 3636298?
False
Is 39 a factor of 19147245?
True
Is 19 a factor of 10380194?
True
Is 186 a factor of 1360590?
True
Is 463386 a multiple of 11?
True
Does 18 divide 2591589?
False
Is 17780 a multiple of 15?
False
Is 680021 a multiple of 179?
True
Is 63343 a multiple of 134?
False
Does 20 divide 3949840?
True
Does 26 divide 456028?
False
Is 78407 a multiple of 42?
False
Is 138015 a multiple of 36?
False
Is 2846075 a multiple of 5?
True
Does 16 divide 1261808?
True
Does 88 divide 115984?
True
Is 98 a factor of 51450?
True
Does 6 divide 237984?
True
Does 112 divide 2350880?
True
Is 12740740 a multiple of 10?
True
Is 12 a factor of 70351?
False
Is 307519 a multiple of 46?
False
Is 1090528 a multiple of 53?
True
Does 14 divide 271502?
True
Is 17 a factor of 161506?
False
Is 3 a factor of 76290?
True
Does 84 divide 17878?
False
Is 109 a factor of 381282?
True
Does 10 divide 34874150?
True
Is 3023589 a multiple of 11?
False
Is 144 a factor of 1207584?
True
Is 19 a factor of 439218?
False
Does 12 divide 2066916?
True
Is 1301729 a multiple of 402?
False
Does 9 divide 1015520?
False
Is 175626 a multiple of 198?
True
Is 151550 a multiple of 50?
True
Is 128258 a multiple of 15?
False
Is 575022 a multiple of 7?
True
Does 43 divide 329248?
False
Is 11 a factor of 3460514?
False
Does 438 divide 584346?
False
Is 47223 a multiple of 220?
False
Does 24 divide 943032?
True
Does 8 divide 4605777?
False
Is 49 a factor of 136917?
False
Is 3 a factor of 17730?
True
Does 35 divide 923665?
False
Does 173 divide 265590?
False
Is 19 a factor of 4618728?
False
Does 8 divide 125287?
False
Is 661011 a multiple of 20?
False
Does 255 divide 596700?
True
Is 8 a factor of 7090443?
False
Is 11 a factor of 10619163?
False
Does 96 divide 31194720?
True
Is 677292 a multiple of 462?
True
Does 1352 divide 20098241?
False
Is 25 a factor of 188347?
False
Is 59744 a multiple of 19?
False
Is 234942 a multiple of 17?
False
Is 87320 a multiple of 9?
False
Is 2231484 a multiple of 86?
False
Is 2035546 a multiple of 782?
True
Does 96 divide 1623648?
True
Does 99 divide 1150444?
False
Is 238395 a multiple of 22?
False
Does 15 divide 6775305?
True
Is 227536 a multiple of 44?
False
Is 15 a factor of 11520?
True
Is 62 a factor of 94911?
False
Is 3305077 a multiple of 261?
False
Is 66 a factor of 17226?
True
Does 153 divide 147486?
False
Is 55 a factor of 381?
False
Is 4893423 a multiple of 805?
False
Does 1291 divide 4732477?
False
Is 93184 a multiple of 13?
True
Is 7200 a multiple of 75?
True
Does 6 divide 83712?
True
Is 55832 a multiple of 11?
False
Is 82 a factor of 8630352?
False
Does 99 divide 1040967?
False
Is 23 a factor of 64745?
True
Is 20 a factor of 54940?
True
Is 36240 a multiple of 395?
False
Is 2622 a multiple of 38?
True
Does 249 divide 1804503?
True
Does 953 divide 4157132?
False
Does 63 divide 309116?
False
Is 173805 a multiple of 128?
False
Is 579670 a multiple of 70?
True
Is 115 a factor of 7168?
False
Does 15 divide 36839731?
False
Does 21 divide 1270295?
False
Is 1201214 a multiple of 239?
True
Does 77 divide 15477?
True
Is 12944239 a multiple of 1771?
True
Is 183 a factor of 130389?
False
Is 55154 a multiple of 7?
False
Does 328 divide 136448?
True
Is 4 a factor of 41925?
False
Is 281760 a multiple of 32?
True
Is 12 a factor of 106824?
True
Does 6 divide 1704438?
True
Is 147883 a multiple of 38?
False
Is 20 a factor of 221080?
True
Does 276 divide 19320?
True
Does 52 divide 1553500?
True
Is 29 a factor of 128644?
True
Is 6 a factor of 21472?
False
Is 1812896 a multiple of 313?
True
Is 493 a factor of 3093082?
True
Is 7 a factor of 61460?
True
Does 20 divide 93520?
True
Is 7438104 a multiple of 18?
True
Is 13 a factor of 1229800?
True
Does 64 divide 42752?
True
Does 12 divide 715395?
False
Does 42 divide 20047?
False
Does 150 divide 362850?
True
Does 313 divide 329332?
False
Does 73 divide 391572?
True
Does 2 divide 51905?
False
Does 85 divide 6630?
True
Does 230 divide 22770?
True
Does 307 divide 982707?
True
Is 3448253 a multiple of 240?
False
Does 22 divide 412234?
False
Is 18981980 a multiple of 1220?
True
Is 3011140 a multiple of 38?
False
Is 133 a factor of 210273?
True
Is 37 a factor of 1632415?
False
Does 173 divide 216828?
False
Does 159 divide 185871?
True
Does 8 divide 64128?
True
Does 49 divide 197470?
True
Is 350608 a multiple of 323?
False
Is 85880 a multiple of 40?
True
Does 14 divide 187110?
True
Is 2068662 a multiple of 3?
True
Is 837 a factor of 3846015?
True
Is 632 a factor of 6069096?
True
Is 7886800 a multiple of 50?
True
Does 11 divide 10814?
False
Is 239386 a multiple of 8?
False
Is 115148 a multiple of 44?
True
Is 5557038 a multiple of 2504?
False
Does 57 divide 55119?
True
Is 8 a factor of 76592?
True
Is 204283 a multiple of 34?
False
Is 12 a factor of 1101576?
True
Is 248421 a multiple of 168?
False
Is 115406 a multiple of 10?
False
Does 33 divide 13847122?
False
Is 140 a factor of 14855540?
True
Is 185 a factor of 722240?
True
Does 3 divide 7395?
True
Is 2302516 a multiple of 81?
False
Does 50 divide 283000?
True
Does 37 divide 46644?
False
Is 14 a factor of 17622760?
False
Does 9 divide 571644?
True
Is 7829706 a multiple of 398?
False
Is 14614883 a multiple of 104?
False
Is 455 a factor of 365820?
True
Does 11 divide 1413747?
False
Does 1259 divide 6925687?
False
Is 81756 a multiple of 158?
False
Is 29 a factor of 2155657?
True
Is 25 a factor of 56500?
True
Is 654317 a multiple of 12?
False
Does 8 divide 248439?
False
Does 34 divide 14588288?
False
Is 40 a factor of 10320?
True
Is 61 a factor of 378413?
False
Is 20 a factor of 1647399?
False
Does 146 divide 51834?
False
Is 798492 a multiple of 157?
False
Is 29 a factor of 221560?
True
Is 4215480 a multiple of 8?
True
Does 5 divide 996895?
True
Does 143 divide 5348486?
True
Is 116736 a multiple of 48?
True
Is 73 a factor of 119501?
True
Is 4 a factor of 673348?
True
Does 11 divide 7277595?
False
Is 256 a factor of 1963?
False
Is 4 a factor of 113524?
True
Is 1595696 a multiple of 13?
False
Is 67680 a multiple of 160?
True
Does 82 divide 23883?
False
Does 545 divide 294274?
False
Is 9295327 a multiple of 831?
False
Does 41 divide 3247897?
True
Is 1203220 a multiple of 11?
False
Is 32 a factor of 251136?
True
Is 18 a factor of 3188467?
False
Is 27250 a multiple of 545?
True
Is 309 a factor of 36367?
False
Is 3227590 a multiple of 87?
False
Is 177240 a multiple of 15?
True
Is 63 a factor of 237006?
True
Does 7 divide 7856982?
True
Is 1960778 a multiple of 37?
True
Is 128640 a multiple of 320?
True
Is 103700 a multiple of 10?
True
Is 40 a factor of 177149?
False
Is 26 a factor of 17767352?
False
Does 17 divide 1849872?
True
Is 176 a factor of 142149?
False
Is 142674 a multiple of 129?
True
Does 55 divide 75177?
False
Is 463800 a multiple of 200?
True
Is 265 a factor of 1694896?
False
Is 7721424 a multiple of 58?
True
Is 720 a factor of 11856240?
True
Is 28186 a multiple of 51?
False
Is 58 a factor of 329324?
True
Is 2503587 a multiple of 18?
False
Does 13 divide 1144881?
False
Is 2 a factor of 591322?
True
Is 2 a factor of 71303?
False
Is 295 a factor of 3978?
False
Does 7 divide 6824643?
True
Is 30 a factor of 238103?
False
Is 1063739 a multiple of 13?
False
Is 13 a factor of 4629963?
True
Is 152152 a multiple of 308?
True
Does 347 divide 305013?
True
Is 235925 a multiple of 195?
False
Does 4 divide 65408?
True
Does 12 divide 5976297?
False
Is 2 a factor of 1338127?
False
Is 570834 a multiple of 66?
True
Is 286 a factor of 68068?
True
Is 1217448 a multiple of 24?
True
Does 3 divide 4845?
True
Does 25 divide 944458?
False
Is 34 a factor of 261376?
False
Does 7 divide 890092?
True
Does 304 divide 5358912?
True
Does 94 divide 8713152?
False
Is 210858 a multiple of 16?
False
Is 796824 a multiple of 527?
True
Does 68 divide 2087182?
False
Is 13 a factor of 1386671?
True
Does 2888 divide 36126584?
False
Is 26 a factor of 907451?
False
Does 21 divide 92736?
True
Is 7 a factor of 173305?
False
Is 120 a factor of 1278872?
False
Does 204 divide 210120?
True
Is 15 a factor of 19986194?
False
Is 60238 a multiple of 2?
True
Is 178314 a 